{"id":887,"date":"2022-03-23T14:52:26","date_gmt":"2022-03-23T13:52:26","guid":{"rendered":"http:\/\/le-lotus-aux-7-lumieres.fr\/?page_id=887"},"modified":"2026-01-23T11:32:33","modified_gmt":"2026-01-23T10:32:33","slug":"reiki","status":"publish","type":"page","link":"https:\/\/le-lotus-aux-7-lumieres.fr\/index.php\/reiki\/","title":{"rendered":"\u00c9nergies"},"content":{"rendered":"\t\t<div data-elementor-type=\"wp-page\" data-elementor-id=\"887\" class=\"elementor elementor-887\">\n\t\t\t\t\t\t\t\t\t<section class=\"elementor-section elementor-top-section elementor-element elementor-element-462ec8c elementor-section-full_width elementor-section-stretched elementor-section-height-default elementor-section-height-default\" data-id=\"462ec8c\" data-element_type=\"section\" data-settings=\"{&quot;background_background&quot;:&quot;classic&quot;,&quot;stretch_section&quot;:&quot;section-stretched&quot;}\">\n\t\t\t\t\t\t\t<div class=\"elementor-background-overlay\"><\/div>\n\t\t\t\t\t\t\t<div class=\"elementor-container elementor-column-gap-default\">\n\t\t\t\t\t<div class=\"elementor-column elementor-col-100 elementor-top-column elementor-element elementor-element-f9e84e4\" data-id=\"f9e84e4\" data-element_type=\"column\">\n\t\t\t<div class=\"elementor-widget-wrap elementor-element-populated\">\n\t\t\t\t\t\t\t\t<section class=\"elementor-section elementor-inner-section elementor-element elementor-element-1cdf054 elementor-section-boxed elementor-section-height-default elementor-section-height-default\" data-id=\"1cdf054\" data-element_type=\"section\">\n\t\t\t\t\t\t<div class=\"elementor-container elementor-column-gap-default\">\n\t\t\t\t\t<div class=\"elementor-column elementor-col-100 elementor-inner-column elementor-element elementor-element-24a6eb8\" data-id=\"24a6eb8\" data-element_type=\"column\">\n\t\t\t<div class=\"elementor-widget-wrap elementor-element-populated\">\n\t\t\t\t\t\t\t\t<div class=\"elementor-element elementor-element-e5e35db elementor-widget elementor-widget-spacer\" data-id=\"e5e35db\" data-element_type=\"widget\" data-widget_type=\"spacer.default\">\n\t\t\t\t<div class=\"elementor-widget-container\">\n\t\t\t<style>\/*! elementor - v3.11.5 - 14-03-2023 *\/\n.elementor-column .elementor-spacer-inner{height:var(--spacer-size)}.e-con{--container-widget-width:100%}.e-con-inner>.elementor-widget-spacer,.e-con>.elementor-widget-spacer{width:var(--container-widget-width,var(--spacer-size));--align-self:var(--container-widget-align-self,initial);--flex-shrink:0}.e-con-inner>.elementor-widget-spacer>.elementor-widget-container,.e-con-inner>.elementor-widget-spacer>.elementor-widget-container>.elementor-spacer,.e-con>.elementor-widget-spacer>.elementor-widget-container,.e-con>.elementor-widget-spacer>.elementor-widget-container>.elementor-spacer{height:100%}.e-con-inner>.elementor-widget-spacer>.elementor-widget-container>.elementor-spacer>.elementor-spacer-inner,.e-con>.elementor-widget-spacer>.elementor-widget-container>.elementor-spacer>.elementor-spacer-inner{height:var(--container-widget-height,var(--spacer-size))}<\/style>\t\t<div class=\"elementor-spacer\">\n\t\t\t<div class=\"elementor-spacer-inner\"><\/div>\n\t\t<\/div>\n\t\t\t\t<\/div>\n\t\t\t\t<\/div>\n\t\t\t\t\t<\/div>\n\t\t<\/div>\n\t\t\t\t\t\t\t<\/div>\n\t\t<\/section>\n\t\t\t\t<div class=\"elementor-element elementor-element-93ed68a elementor-invisible elementor-widget elementor-widget-heading\" data-id=\"93ed68a\" data-element_type=\"widget\" data-settings=\"{&quot;_animation&quot;:&quot;zoomIn&quot;}\" data-widget_type=\"heading.default\">\n\t\t\t\t<div class=\"elementor-widget-container\">\n\t\t\t<style>\/*! elementor - v3.11.5 - 14-03-2023 *\/\n.elementor-heading-title{padding:0;margin:0;line-height:1}.elementor-widget-heading .elementor-heading-title[class*=elementor-size-]>a{color:inherit;font-size:inherit;line-height:inherit}.elementor-widget-heading .elementor-heading-title.elementor-size-small{font-size:15px}.elementor-widget-heading .elementor-heading-title.elementor-size-medium{font-size:19px}.elementor-widget-heading .elementor-heading-title.elementor-size-large{font-size:29px}.elementor-widget-heading .elementor-heading-title.elementor-size-xl{font-size:39px}.elementor-widget-heading .elementor-heading-title.elementor-size-xxl{font-size:59px}<\/style><h1 class=\"elementor-heading-title elementor-size-default\">Les \u00c9nergies<\/h1>\t\t<\/div>\n\t\t\t\t<\/div>\n\t\t\t\t<div class=\"elementor-element elementor-element-f70b3d0 elementor-widget elementor-widget-spacer\" data-id=\"f70b3d0\" data-element_type=\"widget\" data-widget_type=\"spacer.default\">\n\t\t\t\t<div class=\"elementor-widget-container\">\n\t\t\t\t\t<div class=\"elementor-spacer\">\n\t\t\t<div class=\"elementor-spacer-inner\"><\/div>\n\t\t<\/div>\n\t\t\t\t<\/div>\n\t\t\t\t<\/div>\n\t\t\t\t\t<\/div>\n\t\t<\/div>\n\t\t\t\t\t\t\t<\/div>\n\t\t<\/section>\n\t\t\t\t<section class=\"elementor-section elementor-top-section elementor-element elementor-element-6e0a186 elementor-section-content-middle elementor-section-boxed elementor-section-height-default elementor-section-height-default\" data-id=\"6e0a186\" data-element_type=\"section\">\n\t\t\t\t\t\t<div class=\"elementor-container elementor-column-gap-no\">\n\t\t\t\t\t<div class=\"elementor-column elementor-col-100 elementor-top-column elementor-element elementor-element-57b535d\" data-id=\"57b535d\" data-element_type=\"column\">\n\t\t\t<div class=\"elementor-widget-wrap elementor-element-populated\">\n\t\t\t\t\t\t\t\t<section class=\"elementor-section elementor-inner-section elementor-element elementor-element-6cf2a88 elementor-section-content-middle elementor-section-boxed elementor-section-height-default elementor-section-height-default\" data-id=\"6cf2a88\" data-element_type=\"section\">\n\t\t\t\t\t\t<div class=\"elementor-container elementor-column-gap-no\">\n\t\t\t\t\t<div class=\"elementor-column elementor-col-50 elementor-inner-column elementor-element elementor-element-7c4a6a7\" data-id=\"7c4a6a7\" data-element_type=\"column\">\n\t\t\t<div class=\"elementor-widget-wrap elementor-element-populated\">\n\t\t\t\t\t\t\t\t<div class=\"elementor-element elementor-element-0f10555 elementor-invisible elementor-widget elementor-widget-heading\" data-id=\"0f10555\" data-element_type=\"widget\" data-settings=\"{&quot;_animation&quot;:&quot;slideInRight&quot;}\" data-widget_type=\"heading.default\">\n\t\t\t\t<div class=\"elementor-widget-container\">\n\t\t\t<h2 class=\"elementor-heading-title elementor-size-default\">Le Magn\u00e9tisme<\/h2>\t\t<\/div>\n\t\t\t\t<\/div>\n\t\t\t\t<div class=\"elementor-element elementor-element-6be1303 elementor-widget elementor-widget-text-editor\" data-id=\"6be1303\" data-element_type=\"widget\" data-widget_type=\"text-editor.default\">\n\t\t\t\t<div class=\"elementor-widget-container\">\n\t\t\t<style>\/*! elementor - v3.11.5 - 14-03-2023 *\/\n.elementor-widget-text-editor.elementor-drop-cap-view-stacked .elementor-drop-cap{background-color:#818a91;color:#fff}.elementor-widget-text-editor.elementor-drop-cap-view-framed .elementor-drop-cap{color:#818a91;border:3px solid;background-color:transparent}.elementor-widget-text-editor:not(.elementor-drop-cap-view-default) .elementor-drop-cap{margin-top:8px}.elementor-widget-text-editor:not(.elementor-drop-cap-view-default) .elementor-drop-cap-letter{width:1em;height:1em}.elementor-widget-text-editor .elementor-drop-cap{float:left;text-align:center;line-height:1;font-size:50px}.elementor-widget-text-editor .elementor-drop-cap-letter{display:inline-block}<\/style>\t\t\t\t<p class=\"p1\">Afin de pouvoir encore mieux vous apporter mon aide et toute l\u2019\u00e9coute dont vous avez besoin, je vous propose d\u00e9sormais des s\u00e9ances de magn\u00e9tisme.<span class=\"Apple-converted-space\">\u00a0<\/span><\/p><p class=\"p1\">Le magn\u00e9tisme est un fluide que nous poss\u00e9dons tous. Cependant, nous l\u2019exprimons et le ma\u00eetrisons selon les individus de mani\u00e8res diff\u00e9rentes. Il nous permet lorsqu\u2019il circule librement de transmettre l\u2019\u00e9nergie universelle capable de r\u00e9\u00e9quilibrer les corps physique, \u00e9motionnel, mental et spirituel. La personne est donc trait\u00e9e de mani\u00e8re holistique ce qui lui permet de retrouver son pouvoir d\u2019auto-gu\u00e9rison.<\/p><p class=\"p1\">Je le pratiquais d\u00e9j\u00e0 autour de moi personnellement, j\u2019ai alors d\u00e9cid\u00e9 de me perfectionner afin d\u2019y mettre une touche plus professionnelle avec des protocoles et un cadre adapt\u00e9 aux diff\u00e9rentes pathologies rencontr\u00e9es. J\u2019ai donc effectu\u00e9 deux formations tr\u00e8s enrichissantes qui m\u2019ont confort\u00e9es dans mon choix, ce pour quoi je fais ce m\u00e9tier \u00ab\u00a0aider les autres\u00a0\u00bb.<\/p><p class=\"p1\">En effet, le magn\u00e9tisme vous aidera pour\u00a0:<\/p><ul class=\"ul1\"><li class=\"li1\">Les maladies articulaires et musculaires (arthrose, arthrite, polyarthrite, lombalgie, sciatique, cruralgie, entorse, tendinite, etc)<span class=\"Apple-converted-space\">\u00a0<\/span><\/li><li class=\"li1\">Les maladies de peau (ecz\u00e9ma, psoriasis, acn\u00e9, zona, verrue, herp\u00e8s, etc)<\/li><li class=\"li1\">Les maladies chroniques (fibromyalgie, asthme, migraine, maladie de Lyme, maladie de Crohn, scl\u00e9rose en plaque, endom\u00e9triose, d\u00e9pression, trouble du sommeil, insuffisance veineuse, etc)<\/li><\/ul><p>\u00a0<\/p><p><strong style=\"color: #ff8200;\">S\u00e9ance : 1h \u00e0 1h15 = 60\u20ac <\/strong><em>(entretien au pr\u00e9alables de 15 \u00e0 30min)<\/em><\/p>\t\t\t\t\t\t<\/div>\n\t\t\t\t<\/div>\n\t\t\t\t\t<\/div>\n\t\t<\/div>\n\t\t\t\t<div class=\"elementor-column elementor-col-50 elementor-inner-column elementor-element elementor-element-98367b7\" data-id=\"98367b7\" data-element_type=\"column\">\n\t\t\t<div class=\"elementor-widget-wrap elementor-element-populated\">\n\t\t\t\t\t\t\t\t<div class=\"elementor-element elementor-element-da62325 elementor-widget elementor-widget-image\" data-id=\"da62325\" data-element_type=\"widget\" data-widget_type=\"image.default\">\n\t\t\t\t<div class=\"elementor-widget-container\">\n\t\t\t<style>\/*! elementor - v3.11.5 - 14-03-2023 *\/\n.elementor-widget-image{text-align:center}.elementor-widget-image a{display:inline-block}.elementor-widget-image a img[src$=\".svg\"]{width:48px}.elementor-widget-image img{vertical-align:middle;display:inline-block}<\/style>\t\t\t\t\t\t\t\t\t\t\t\t<img loading=\"lazy\" decoding=\"async\" width=\"1024\" height=\"684\" src=\"https:\/\/le-lotus-aux-7-lumieres.fr\/wp-content\/uploads\/2022\/10\/magnetisme-lelotusaux7lumieres-1024x684.png\" class=\"attachment-large size-large wp-image-1036\" alt=\"\" srcset=\"https:\/\/le-lotus-aux-7-lumieres.fr\/wp-content\/uploads\/2022\/10\/magnetisme-lelotusaux7lumieres-1024x684.png 1024w, https:\/\/le-lotus-aux-7-lumieres.fr\/wp-content\/uploads\/2022\/10\/magnetisme-lelotusaux7lumieres-300x200.png 300w, https:\/\/le-lotus-aux-7-lumieres.fr\/wp-content\/uploads\/2022\/10\/magnetisme-lelotusaux7lumieres-768x513.png 768w, https:\/\/le-lotus-aux-7-lumieres.fr\/wp-content\/uploads\/2022\/10\/magnetisme-lelotusaux7lumieres-1536x1025.png 1536w, https:\/\/le-lotus-aux-7-lumieres.fr\/wp-content\/uploads\/2022\/10\/magnetisme-lelotusaux7lumieres-2048x1367.png 2048w, https:\/\/le-lotus-aux-7-lumieres.fr\/wp-content\/uploads\/2022\/10\/magnetisme-lelotusaux7lumieres-930x620.png 930w, https:\/\/le-lotus-aux-7-lumieres.fr\/wp-content\/uploads\/2022\/10\/magnetisme-lelotusaux7lumieres-600x401.png 600w\" sizes=\"auto, (max-width: 1024px) 100vw, 1024px\" \/>\t\t\t\t\t\t\t\t\t\t\t\t\t\t\t<\/div>\n\t\t\t\t<\/div>\n\t\t\t\t\t<\/div>\n\t\t<\/div>\n\t\t\t\t\t\t\t<\/div>\n\t\t<\/section>\n\t\t\t\t\t<\/div>\n\t\t<\/div>\n\t\t\t\t\t\t\t<\/div>\n\t\t<\/section>\n\t\t\t\t\t\t\t<\/div>\n\t\t","protected":false},"excerpt":{"rendered":"<p>Les \u00c9nergies Le Magn\u00e9tisme Afin de pouvoir encore mieux vous apporter mon aide et toute l\u2019\u00e9coute dont vous avez besoin, je vous propose d\u00e9sormais des s\u00e9ances de magn\u00e9tisme.\u00a0 Le magn\u00e9tisme est un fluide que nous poss\u00e9dons tous. Cependant, nous l\u2019exprimons et le ma\u00eetrisons selon les individus de mani\u00e8res diff\u00e9rentes. Il nous permet lorsqu\u2019il circule librement&hellip;&nbsp;<a href=\"https:\/\/le-lotus-aux-7-lumieres.fr\/index.php\/reiki\/\" class=\"\" rel=\"bookmark\">Lire la suite &raquo;<span class=\"screen-reader-text\">\u00c9nergies<\/span><\/a><\/p>\n","protected":false},"author":1,"featured_media":0,"parent":0,"menu_order":0,"comment_status":"closed","ping_status":"closed","template":"page-templates\/template-pagebuilder-full-width.php","meta":{"neve_meta_sidebar":"","neve_meta_container":"","neve_meta_enable_content_width":"","neve_meta_content_width":0,"neve_meta_title_alignment":"","neve_meta_author_avatar":"","neve_post_elements_order":"","neve_meta_disable_header":"","neve_meta_disable_footer":"","neve_meta_disable_title":"on","_themeisle_gutenberg_block_has_review":false,"_ti_tpc_template_sync":false,"_ti_tpc_template_id":"","footnotes":""},"class_list":["post-887","page","type-page","status-publish","hentry"],"yoast_head":"<!-- This site is optimized with the Yoast SEO plugin v20.3 - https:\/\/yoast.com\/wordpress\/plugins\/seo\/ -->\n<title>\u00c9nergies - Le Lotus aux 7 Lumi\u00e8res<\/title>\n<meta name=\"description\" content=\"Le Reiki, vous procurera un moment de d\u00e9tente et de lachez prise. Situ\u00e9 \u00c0 VALROS dans l&#039;H\u00e9rault, proche de Pezenas.\" \/>\n<meta name=\"robots\" content=\"index, follow, max-snippet:-1, max-image-preview:large, max-video-preview:-1\" \/>\n<link rel=\"canonical\" href=\"https:\/\/le-lotus-aux-7-lumieres.fr\/index.php\/reiki\/\" \/>\n<meta property=\"og:locale\" content=\"fr_FR\" \/>\n<meta property=\"og:type\" content=\"article\" \/>\n<meta property=\"og:title\" content=\"\u00c9nergies - Le Lotus aux 7 Lumi\u00e8res\" \/>\n<meta property=\"og:description\" content=\"Le Reiki, vous procurera un moment de d\u00e9tente et de lachez prise. Situ\u00e9 \u00c0 VALROS dans l&#039;H\u00e9rault, proche de Pezenas.\" \/>\n<meta property=\"og:url\" content=\"https:\/\/le-lotus-aux-7-lumieres.fr\/index.php\/reiki\/\" \/>\n<meta property=\"og:site_name\" content=\"Le Lotus aux 7 Lumi\u00e8res\" \/>\n<meta property=\"article:modified_time\" content=\"2026-01-23T10:32:33+00:00\" \/>\n<meta property=\"og:image\" content=\"http:\/\/le-lotus-aux-7-lumieres.fr\/wp-content\/uploads\/2022\/10\/magnetisme-lelotusaux7lumieres-1024x684.png\" \/>\n<meta name=\"twitter:card\" content=\"summary_large_image\" \/>\n<meta name=\"twitter:label1\" content=\"Dur\u00e9e de lecture estim\u00e9e\" \/>\n\t<meta name=\"twitter:data1\" content=\"2 minutes\" \/>\n<script type=\"application\/ld+json\" class=\"yoast-schema-graph\">{\"@context\":\"https:\/\/schema.org\",\"@graph\":[{\"@type\":\"WebPage\",\"@id\":\"https:\/\/le-lotus-aux-7-lumieres.fr\/index.php\/reiki\/\",\"url\":\"https:\/\/le-lotus-aux-7-lumieres.fr\/index.php\/reiki\/\",\"name\":\"\u00c9nergies - Le Lotus aux 7 Lumi\u00e8res\",\"isPartOf\":{\"@id\":\"https:\/\/le-lotus-aux-7-lumieres.fr\/#website\"},\"datePublished\":\"2022-03-23T13:52:26+00:00\",\"dateModified\":\"2026-01-23T10:32:33+00:00\",\"description\":\"Le Reiki, vous procurera un moment de d\u00e9tente et de lachez prise. Situ\u00e9 \u00c0 VALROS dans l'H\u00e9rault, proche de Pezenas.\",\"breadcrumb\":{\"@id\":\"https:\/\/le-lotus-aux-7-lumieres.fr\/index.php\/reiki\/#breadcrumb\"},\"inLanguage\":\"fr-FR\",\"potentialAction\":[{\"@type\":\"ReadAction\",\"target\":[\"https:\/\/le-lotus-aux-7-lumieres.fr\/index.php\/reiki\/\"]}]},{\"@type\":\"BreadcrumbList\",\"@id\":\"https:\/\/le-lotus-aux-7-lumieres.fr\/index.php\/reiki\/#breadcrumb\",\"itemListElement\":[{\"@type\":\"ListItem\",\"position\":1,\"name\":\"Accueil\",\"item\":\"https:\/\/le-lotus-aux-7-lumieres.fr\/\"},{\"@type\":\"ListItem\",\"position\":2,\"name\":\"\u00c9nergies\"}]},{\"@type\":\"WebSite\",\"@id\":\"https:\/\/le-lotus-aux-7-lumieres.fr\/#website\",\"url\":\"https:\/\/le-lotus-aux-7-lumieres.fr\/\",\"name\":\"Le Lotus aux 7 Lumi\u00e8res\",\"description\":\"Massage &amp; R\u00e9flexologie, un moment de d\u00e9tente s&#039;offre \u00e0 vous !\",\"potentialAction\":[{\"@type\":\"SearchAction\",\"target\":{\"@type\":\"EntryPoint\",\"urlTemplate\":\"https:\/\/le-lotus-aux-7-lumieres.fr\/?s={search_term_string}\"},\"query-input\":\"required name=search_term_string\"}],\"inLanguage\":\"fr-FR\"}]}<\/script>\n<!-- \/ Yoast SEO plugin. -->","yoast_head_json":{"title":"\u00c9nergies - Le Lotus aux 7 Lumi\u00e8res","description":"Le Reiki, vous procurera un moment de d\u00e9tente et de lachez prise. Situ\u00e9 \u00c0 VALROS dans l'H\u00e9rault, proche de Pezenas.","robots":{"index":"index","follow":"follow","max-snippet":"max-snippet:-1","max-image-preview":"max-image-preview:large","max-video-preview":"max-video-preview:-1"},"canonical":"https:\/\/le-lotus-aux-7-lumieres.fr\/index.php\/reiki\/","og_locale":"fr_FR","og_type":"article","og_title":"\u00c9nergies - Le Lotus aux 7 Lumi\u00e8res","og_description":"Le Reiki, vous procurera un moment de d\u00e9tente et de lachez prise. Situ\u00e9 \u00c0 VALROS dans l'H\u00e9rault, proche de Pezenas.","og_url":"https:\/\/le-lotus-aux-7-lumieres.fr\/index.php\/reiki\/","og_site_name":"Le Lotus aux 7 Lumi\u00e8res","article_modified_time":"2026-01-23T10:32:33+00:00","og_image":[{"url":"http:\/\/le-lotus-aux-7-lumieres.fr\/wp-content\/uploads\/2022\/10\/magnetisme-lelotusaux7lumieres-1024x684.png"}],"twitter_card":"summary_large_image","twitter_misc":{"Dur\u00e9e de lecture estim\u00e9e":"2 minutes"},"schema":{"@context":"https:\/\/schema.org","@graph":[{"@type":"WebPage","@id":"https:\/\/le-lotus-aux-7-lumieres.fr\/index.php\/reiki\/","url":"https:\/\/le-lotus-aux-7-lumieres.fr\/index.php\/reiki\/","name":"\u00c9nergies - Le Lotus aux 7 Lumi\u00e8res","isPartOf":{"@id":"https:\/\/le-lotus-aux-7-lumieres.fr\/#website"},"datePublished":"2022-03-23T13:52:26+00:00","dateModified":"2026-01-23T10:32:33+00:00","description":"Le Reiki, vous procurera un moment de d\u00e9tente et de lachez prise. Situ\u00e9 \u00c0 VALROS dans l'H\u00e9rault, proche de Pezenas.","breadcrumb":{"@id":"https:\/\/le-lotus-aux-7-lumieres.fr\/index.php\/reiki\/#breadcrumb"},"inLanguage":"fr-FR","potentialAction":[{"@type":"ReadAction","target":["https:\/\/le-lotus-aux-7-lumieres.fr\/index.php\/reiki\/"]}]},{"@type":"BreadcrumbList","@id":"https:\/\/le-lotus-aux-7-lumieres.fr\/index.php\/reiki\/#breadcrumb","itemListElement":[{"@type":"ListItem","position":1,"name":"Accueil","item":"https:\/\/le-lotus-aux-7-lumieres.fr\/"},{"@type":"ListItem","position":2,"name":"\u00c9nergies"}]},{"@type":"WebSite","@id":"https:\/\/le-lotus-aux-7-lumieres.fr\/#website","url":"https:\/\/le-lotus-aux-7-lumieres.fr\/","name":"Le Lotus aux 7 Lumi\u00e8res","description":"Massage &amp; R\u00e9flexologie, un moment de d\u00e9tente s&#039;offre \u00e0 vous !","potentialAction":[{"@type":"SearchAction","target":{"@type":"EntryPoint","urlTemplate":"https:\/\/le-lotus-aux-7-lumieres.fr\/?s={search_term_string}"},"query-input":"required name=search_term_string"}],"inLanguage":"fr-FR"}]}},"_links":{"self":[{"href":"https:\/\/le-lotus-aux-7-lumieres.fr\/index.php\/wp-json\/wp\/v2\/pages\/887","targetHints":{"allow":["GET"]}}],"collection":[{"href":"https:\/\/le-lotus-aux-7-lumieres.fr\/index.php\/wp-json\/wp\/v2\/pages"}],"about":[{"href":"https:\/\/le-lotus-aux-7-lumieres.fr\/index.php\/wp-json\/wp\/v2\/types\/page"}],"author":[{"embeddable":true,"href":"https:\/\/le-lotus-aux-7-lumieres.fr\/index.php\/wp-json\/wp\/v2\/users\/1"}],"replies":[{"embeddable":true,"href":"https:\/\/le-lotus-aux-7-lumieres.fr\/index.php\/wp-json\/wp\/v2\/comments?post=887"}],"version-history":[{"count":30,"href":"https:\/\/le-lotus-aux-7-lumieres.fr\/index.php\/wp-json\/wp\/v2\/pages\/887\/revisions"}],"predecessor-version":[{"id":1147,"href":"https:\/\/le-lotus-aux-7-lumieres.fr\/index.php\/wp-json\/wp\/v2\/pages\/887\/revisions\/1147"}],"wp:attachment":[{"href":"https:\/\/le-lotus-aux-7-lumieres.fr\/index.php\/wp-json\/wp\/v2\/media?parent=887"}],"curies":[{"name":"wp","href":"https:\/\/api.w.org\/{rel}","templated":true}]}}